pose 3*y + w = 2*r - 2*y, y = 4*r - 47. What is the tens digit of r?
1
Let z(h) = -h + 1. Let o be z(-6). Suppose -o*f + 318 = -f. What is the tens digit of f?
5
Let x = -47 + 90. Let y(n) = -5*n + 3. Let s be y(0). Suppose 2*f + x = s*f. What is the units digit of f?
3
Suppose -105*d + 116*d = 3916. What is the hundreds digit of d?
3
Let m = 1782 - 1054. What is the units digit of m?
8
What is the hundreds digit of 2/22 + 875776/242?
6
Suppose 3 = v + 3*r, -5*v = -v + 2*r - 12. Suppose -3*m + 5 = 4*p - 340, 5*p - 432 = -v*m. What is the units digit of p?
7
Let t = -452 + 4860. What is the thousands digit of t?
4
Suppose -17 = 3*o - 8. Let y be 1*(-3 - 0)/o. Let m(z) = 24*z - 1. What is the units digit of m(y)?
3
Let n(c) = -2*c**2 + 27. Suppose 13*o - 6*o = 0. What is the units digit of n(o)?
7
Let g(n) = 4 - 1266*n + 1261*n - 16. Let d = -7 + 0. What is the tens digit of g(d)?
2
Let i = 0 - 2. What is the units digit of i/3 + (-88)/(-6)?
4
Let s(a) = -2*a**3 - a**2. Let j be s(-1). Let f be j/(-2*(-1)/6). Suppose -f*n - 2*k + 20 = 0, n + 4 = -0*n + 2*k. What is the units digit of n?
4
Suppose w = 5*z + 11, -z + 4*w = w + 5. Let d = 9 + z. Suppose t - 8 = -3*f, 0 = f + f + t - d. What is the units digit of f?
1
Suppose 0 = 5*d - 409 - 1251. What is the units digit of d?
2
Let w(p) = 55*p**2 + 250*p - 24. What is the units digit of w(-11)?
1
Let c = 2036 - 692. What is the units digit of c?
4
Suppose 0 = 4*t + t - 25. Suppose -2*g + 4*u = -138, -3*g - t*u + 252 = -2*u. What is the units digit of g?
9
Let i be 4 - (-3)/(6/(-16)). Let b(c) = -23*c + 5. What is the tens digit of b(i)?
9
Suppose -y - 2*l = 68, 2*y + 3*l = 6*y + 327. What is the units digit of y/(1*4/(-8))?
6
Let q = 394 - -2285. What is the tens digit of q?
7
What is the tens digit of 993*6/30 + 4/10?
9
Suppose 5*h - 20 = h. Suppose 2*w = w + 4*o + 34, 220 = h*w + 5*o. What is the tens digit of w?
4
Suppose 0 = -2*g + 5 - 17. Let l(v) = -v**3 - 6*v**2 + 8. What is the units digit of l(g)?
8
What is the units digit of 90831/65 + -2 + (-16)/(-10)?
7
Let u(r) = 5*r**2 - 25*r + 16. Let k(d) = d**2 - 5*d + 3. Let j(i) = -11*k(i) + 2*u(i). Let n be j(3). Let m(l) = l + 3. What is the units digit of m(n)?
8
Let p = -198 - -96. Let h = p - -73. Let t = h + 50. What is the tens digit of t?
2
Let j(t) = -t**3 + 11*t**2 + 16*t + 2. What is the units digit of j(11)?
8
Let s = 149 + 265. What is the tens digit of s?
1
Let d = 209 - 149. What is the tens digit of d?
6
Let d(h) = 3*h**2 + 5*h + 25. What is the tens digit of d(-7)?
3
Let g(w) = 2*w**3 + 2*w**2 + 6*w + 12. What is the hundreds digit of g(6)?
5
Suppose 2*j = -3 + 9. Suppose 0 = -j*c - c + 4*z + 304, -3*c + 231 = -4*z. What is the tens digit of c?
7
Let f = -6670 + 12537. What is the thousands digit of f?
5
Let d = -70 + 49. Let w(a) = -11*a + 5. What is the tens digit of w(d)?
3
What is the tens digit of ((-36)/(-6) - 5)*71?
7
Let j = 12 - 10. Suppose -5*x + 5*k + 800 = k, j*k + 640 = 4*x. What is the tens digit of x?
6
Let f(u) = 85*u**2 - 14*u - 25. What is the units digit of f(-2)?
3
Let g(w) = 4*w**3 - 16*w**2 - 3*w + 13. What is the units digit of g(7)?
0
Let m(f) be the third derivative of -f**6/120 + f**5/60 - f**3/6 + 5*f**2. Let q be m(-1). What is the units digit of ((0 - -1)/1)/q?
1
Suppose 5*n - 9 = 2*n. Suppose 3*j - 7*j = g - 27, 0 = -n*g - 4*j + 57. Suppose u - g = 11. What is the tens digit of u?
2
Let q = -1 + 6. Suppose 0*h - 2*r = -3*h + 34, 5*r - 90 = -q*h. Suppose 4*s + h = 5*s. What is the units digit of s?
4
Let q = -232 + 338. What is the tens digit of q?
0
Let t(b) = 9*b**2 + 1. Let z be t(1). Let u(w) = 22*w + 21 - z - 10. What is the units digit of u(1)?
3
Let s be 7*177*2/7. What is the units digit of (-1 + -1)/((-4)/s)?
7
Let u(f) = 51*f + 30. What is the tens digit of u(11)?
9
Let r be 7/(3*(-5)/360). Let y be 96/r*(-7)/2. Suppose q - 3 = -2*d, y*d = q - d - 28. What is the tens digit of q?
1
Suppose 0 = -3*b + b - 18. Suppose 0 = 3*g + 5 + 1. What is the units digit of (-2)/((-3)/b*g)?
3
Let q(r) = r**2 - r + 1. Let k(v) = -4*v**2 + 4*v - 5. Let l(g) = 2*k(g) + 9*q(g). Let a be 5/1 + -4 + -4. What is the tens digit of l(a)?
1
Let d be ((-3)/1)/((-9)/(-12)) - 1. Let j = 199 - d. What is the units digit of j?
4
Let l(v) = v + 23. Let u be l(12). Let t = u - 32. What is the tens digit of (-7)/(1*t/(-12))?
2
Let g(b) = -1125*b - 15. Let m be g(-1). Suppose 0 = 5*u - 4*y - y - m, -5*y = -3*u + 674. What is the tens digit of u?
1
Let y(l) = -l**3 - 4*l**2 + 6*l + 7. Suppose 0*c - 3*c = 15. Let g be y(c). Suppose g*i - i = 9. What is the units digit of i?
9
Let n(m) = 2*m**2 - 10*m - 57. What is the tens digit of n(-28)?
9
Let w(n) = -n**3 + n**2 + n. Let g be w(4). Let f = 91 + g. What is the tens digit of f?
4
Suppose -4*d - d = -25. Suppose 0 = -4*j - d*q + 16, 0 = -3*q - 12. What is the units digit of j?
9
Suppose -p = -5*t - 22, t = -5*p - 4*t - 10. Suppose u = -p*u. Suppose -2*n - 4 = u, -4*k + 3*n = -41 - 9. What is the units digit of k?
1
Let g = 19 - 13. What is the tens digit of ((-3)/g)/(2/(-64))?
1
What is the units digit of 40/50*-5 + 2605?
1
Suppose 0 = -2*f + 31 - 41. Suppose 0*d + d = 14. What is the units digit of d/(-35) + (-52)/f?
0
Suppose -13*c = -15*c + 102. Let f = 171 - c. What is the tens digit of f?
2
Let z = -86 - 52. What is the units digit of z*((-20)/5 - -3)?
8
Suppose -4*n - 7*b + 2*b + 1 = 0, 0 = 5*b + 15. Suppose n*r + 0*r = 240. What is the tens digit of r?
6
Suppose 4*p - 18 = 2. Suppose t + 0 - 2 = 0. Suppose -110 = -p*r + t*h + 20, -3*r + 92 = -4*h. What is the units digit of r?
4
Suppose -k = 2*j + 9, -4*k - k = 5*j + 15. Let i be (-4)/j + (-12)/(-9). Suppose -i*f + 6*f - 64 = 0. What is the units digit of f?
6
Suppose 4*k = -x + 52, -3*k + 44 = k + 3*x. What is the tens digit of ((-9)/4)/(k/(-448))?
7
Suppose -20*f + 33910 = -17270. What is the thousands digit of f?
2
Suppose -22*n + 17*n + 5000 = 3*z, -25 = 5*z. What is the units digit of n?
3
Let h(x) = -2*x - 12. Let n be h(-6). Suppose 2*z - 4*z + 72 = n. What is the units digit of z?
6
Let b be 1*4 + (11 - -5). What is the tens digit of 2*(-5)/b*-30?
1
Let f = 2736 - 478. What is the thousands digit of f?
2
Let m(p) = 35*p - 74. What is the hundreds digit of m(8)?
2
Let c be 88*2 - (3 - 2). Suppose 28 = -j - o, -2*o + c = -5*j - 0*o. Let w = -20 - j. What is the units digit of w?
3
Let q(z) = -128*z + 60. What is the hundreds digit of q(-2)?
3
Suppose 20*j - 8598 - 422 = 0. What is the units digit of j?
1
Let v(f) = -f**2 - 15*f + 36. Let o be v(-17). Let s(x) = 20*x**3 - 2*x**2 + x - 4. What is the units digit of s(o)?
0
Let i(j) = -2*j - 6. Let z = -3 - 2. Let s(h) = -h**2 - 5*h - 6. Let x be s(z). What is the units digit of i(x)?
6
Let w be ((-322)/8)/((-9)/((-288)/(-4))). Suppose -4*x = 5*b - w, -4*x = b + 2*b - 318. What is the tens digit of x?
7
Suppose 3*c - 43 = -5*l - 6, -4*l + 8 = -3*c. Suppose -c*n + 6 = -p, -p - 2 = -0*p. What is the units digit of -2 + (n - 1*-4)?
3
Let o(n) = 37*n**2 - 7*n + 16. Let k be o(3). Suppose 0 = 9*b - k - 761. What is the units digit of b?
1
Suppose 25 = 5*f - 50. What is the units digit of (-10)/f - 429/(-9)?
7
Suppose -2673 = -2*n - 4*r + 2243, 0 = -3*n + 3*r + 7392. What is the units digit of n?
2
Suppose 39*i - 35*i - 14817 = -m, 5*m = -i + 3709. What is the tens digit of i?
0
Let p = -3040 - -5835. What is the hundreds digit of p?
7
Let f(h) = -55*h + 43. What is the tens digit of f(-3)?
0
Suppose 5*c + 272 = k, -6*c + 2*c + 272 = k. What is the units digit of k?
2
Let r(o) = o**2 + 3 + 2 - o - 4. Let y be r(2). Suppose z = 2 + y. What is the units digit of z?
5
What is the tens digit of (-9)/(-5) - 2 - (-7601)/55?
3
Suppose l + 12 = 2. Let f(d) = -11*d - 27. What is the units digit of f(l)?
3
What is the units digit of (90/(-1))/(7/(-21)*1)?
0
Let t = 5 + -2. Suppose -17 = q + 2*i - 66, 4*q = t*i + 218. What is the units digit of q?
3
Suppose 3*q - q - 2*g = -10, 4*q + 3*g = 15. Let x be ((-4)/(-6) + q)*12. What is the units digit of ((-1)/(-3))/(x/912)?
8
Let i be (-9)/(2 - -1) - 3. Let n(s) = s**2 + 7*s - 3. Let y be n(i). Let b = y - -13. What is the units digit of b?
4
Let k = -3059 - -3937. What is the tens digit of k?
7
Let a(c) be the third derivative of -c